f -2/3*b**w - 1 + 2*b + 5/2*b**2. Determine f(4).
-10
Let i(h) be the third derivative of 7*h**5/60 + h**4/24 - h**3/6 - 7*h**2 - 1. Determine i(-1).
5
Let h(p) = -p**2 - 2*p + 3. Let r be 46/(-11) - (-4)/22. Calculate h(r).
-5
Let s(z) be the third derivative of z**4/24 - 23*z**3/6 + 20*z**2 + 9*z. Determine s(10).
-13
Suppose 0*f - 4*b = f - 32, f - 4*b + 8 = 0. Suppose 0*z = -3*z + f. Let v(a) = -a**2 + 4*a. Determine v(z).
0
Let k(b) = -3*b**2 + 5*b - 3. Let i be (3/2)/(-10 - 344/(-32)). Give k(i).
-5
Let j(d) = -3*d - 7. Suppose 0 = -6*o + 9 + 3. Let c(a) = 0*a - 42*a**2 + 43*a**2 - o*a - 5. Let n be c(0). Determine j(n).
8
Suppose -56 = -1326*m + 1333*m. Let f(o) = o. Calculate f(m).
-8
Let n(s) = s**2 - s - 1. Let v be n(-2). Let b(q) = -q + v*q**3 + 4*q - q + 0*q**3 - 1. Let d be (-2)/(-1 - (5 - 4)). Give b(d).
6
Suppose 0 = 5*a + 2*n - 39, -2*a + 6*n - 2*n + 30 = 0. Suppose -a - 6 = 5*v. Let c(u) = -u + 1. Calculate c(v).
4
Let o(m) = -2*m**2 + 6756 - 6755 + m**2 + m. Let l(u) = -u + 1. Let n be l(3). Determine o(n).
-5
Let j(k) = -k**3 + 2*k - 4. Let z(t) = t**2 + 1. Let a(u) = -j(u) - 3*z(u). Suppose -2*x = w + 59, 47 = -2*x + 2*w - 15. Let l = 33 + x. What is a(l)?
-5
Let r be 2 + 11/(-4) + (-138)/(-24). Let x(g) = 4*g + 2. Give x(r).
22
Let m(o) = 1 - 8*o**2 - o - 2 + 17 - 6 - o**3. Calculate m(-8).
18
Let w(i) = -40*i - 169. Let a be w(-4). Let l(z) = -3*z - 12. Determine l(a).
15
Let w be 76/19 + 3/(-1). Let d(j) = 4*j**2 - 3*j + 2. Let t(s) = 9*s**2 - 7*s + 5. Let g(f) = -7*d(f) + 3*t(f). Let m be g(w). Let q(u) = u + 1. What is q(m)?
1
Let p(f) = f - 6. Let m be p(8). Let w(b) = 0*b + 1 + m*b + 3 - 3. Calculate w(-3).
-5
Let t be 3/(-6)*(0 - (-2 - -3)). Let k(a) be the second derivative of 0 + 1/4*a**4 - 1/6*a**3 + 2*a + t*a**2. Give k(1).
3
Let d(q) be the third derivative of q**6/120 + q**5/30 - q**4/4 - q**3/3 - 54*q**2. Give d(-4).
-10
Let g(b) = -33 + b - 2*b + 29. Let z be g(-2). Let p(d) = 4 - 6 - d - d**2 - 2*d. Calculate p(z).
0
Let o(l) = l**3 - 13*l**2 + 11*l + 11. Suppose -4*z = -5*g + 68, -32 = -g - 2*g - 2*z. What is o(g)?
-1
Let x(h) = -8 - 4*h + 12 + 6*h. What is x(-9)?
-14
Let q(z) be the second derivative of z**4/3 - z**3/6 + z**2/2 + 2*z. Suppose -2*t = 14 + 10. Let f be t/(-4) - 6/3. Determine q(f).
4
Let h(d) be the third derivative of -d**4/24 + 11*d**3/6 - 55*d**2. What is h(9)?
2
Suppose 0 = 8*s + 131 - 99. Let t(g) be the third derivative of -g**5/60 + g**3/6 + 5*g**2. Give t(s).
-15
Suppose 0 = -2*k + 5*m + 7, 0 = m + 5 - 2. Let x(p) = 5*p**2 + 2*p + 1. Let h(j) = 9*j**2 + 3*j + 2. Let q(n) = 6*h(n) - 11*x(n). What is q(k)?
1
Suppose 5*x + 7 = w + 24, 0 = -3*x - 3*w + 3. Let u(m) = 4*m - 3. What is u(x)?
9
Let q(h) = 21*h**2 - 5*h**2 + 2*h + 7 - 8*h**2 - 10*h**2 - h**3. Determine q(-3).
10
Let w(i) = 4 - 3*i + 2*i + 2*i. Suppose 37*f + 838 = 690. Give w(f).
0
Suppose 3*x - 3*t + 0*t = -27, 2*x - 4*t = -28. Let p(q) be the third derivative of -q**4/8 - 5*q**3/6 + q**2 - 37. What is p(x)?
7
Let k(m) = 16*m**3 - m**2 - 2*m - 1. Let v be k(-1). Let r be 8/v + (-9)/(-2). Let l(i) = -4 - i**2 + 0 + 2 + r - 4*i. Give l(-4).
2
Let i(m) = -m**2 + 7*m - 5. Let v be i(5). Let b(y) = -v*y + y - 1 + 8*y - y**2. Determine b(2).
3
Let y(o) = -o - 9. Let z = -39 + 39. Calculate y(z).
-9
Suppose -36*x + 28*x - 40 = 0. Let d(l) = -l**3 - 5*l**2 - l - 7. What is d(x)?
-2
Let q(d) be the third derivative of -1/60*d**5 - 2*d**2 + 0 + 1/6*d**4 - 1/6*d**3 + 0*d. Let x(k) = k**2 - k - 26. Let n be x(-5). Calculate q(n).
-1
Let z(x) = -6*x + 2. Suppose 4*r - 118 = -134. Calculate z(r).
26
Let n(b) be the second derivative of b**3/6 - 5*b**2/2 + 582*b. Calculate n(1).
-4
Let x(k) = -k**2 + k + 54. Let i(v) = 90*v + 630. Let t be i(-7). Give x(t).
54
Let c(z) = 1. Let p(o) be the first derivative of -o**3/3 + o**2/2 + 2*o - 8. Let a(v) = 4*c(v) - p(v). What is a(-2)?
8
Let l = 1093 - 1089. Let q(a) = a**3 - 5*a**2 + 5*a - 2. What is q(l)?
2
Suppose -3*i + 23 = -19. Suppose 4*u + i = 2*n, -u - u = -2*n + 10. Let k(w) = 14 - n*w + 2*w + 2*w. Determine k(-6).
8
Let h(t) = -20*t**2 + 61*t - 32. Let v(l) = 7*l**2 - 21*l + 11. Let i(d) = -6*h(d) - 17*v(d). Let o = 15 - 7. Calculate i(o).
-3
Let k = 199 - 190. Let r(d) = -d**2 + 8*d. Determine r(k).
-9
Let u(o) = 9*o - 99. Let l be u(11). Let v(m) = -m + 2. Calculate v(l).
2
Suppose 0 = -72*s + 24*s + 96. Let b(a) be the first derivative of a**2 - 9 - 1/4*a**4 - 8*a + s*a**3. Determine b(6).
4
Let k = 14 + -13. Let s(y) = 18*y + 7. Let b(q) = -6*q - 2. Let o(i) = -14*b(i) - 4*s(i). Determine o(k).
12
Let v(a) = -99 + 86 + 0*a - 5*a + 4*a. Calculate v(-4).
-9
Let s(p) be the second derivative of p**4/24 + 5*p**2/2 + p. Let t(g) be the first derivative of s(g). Calculate t(-2).
-2
Let t(l) = l + 3. Let s(k) = -k - 4. Let m(w) = 6*s(w) + 5*t(w). Give m(-8).
-1
Suppose -8 = -752*b + 754*b. Let x(v) = -v**2 - 5*v - 2. Determine x(b).
2
Let x be 2/(-8) - 34/(-8). Let p(s) be the first derivative of s**5/20 - s**4/3 + s**2 + 19*s - 47. Let c(d) be the first derivative of p(d). Calculate c(x).
2
Let c be (-2 + -4)/(45/(-30)). Let w(x) = -x**2 + x + 5. What is w(c)?
-7
Let c be (-1)/(2/(-4)) - -1. Let l(z) = 4*z**2 - 9*z - 1. Let i(p) = 2*p**2 - 5*p. Suppose 4*j + 18 = 6. Let g(n) = j*l(n) + 5*i(n). What is g(c)?
-9
Let m(g) = 18*g + 1. Suppose -w = w - 6. Suppose -5*o = -z - 4, w + 5 = 3*o + 5*z. Determine m(o).
19
Let t(i) be the first derivative of -i**3/3 - 7*i**2/2 - 17*i + 195. What is t(-5)?
-7
Let d(p) = p**2. Suppose 4*b + 12 = j + b, 5*j - 2*b = 21. Suppose -3*s - j = -6*s. Calculate d(s).
1
Let b(x) be the second derivative of -x**5/120 + x**4/24 + 2*x**3 - 24*x. Let n(y) be the second derivative of b(y). Determine n(-5).
6
Let s(o) = -o**3 - 8*o**2 - 6*o + 9. Let b be s(-7). Let v(d) = -309 - d + 10*d**b + 309. What is v(-1)?
11
Let k(l) = -l + 1. Suppose -16 = 4*n + 3*x, n + 2*x + 0 = -9. Let g(b) = -4*b - 4. Let s(v) = n*k(v) + g(v). Determine s(-4).
7
Let j(g) = g + 6. Let l be (-1)/((-69)/46*1/(-12)). Give j(l).
-2
Suppose -m = -0 - 1. Suppose s + 3*s + m = -3*n, 0 = -4*n + 4*s + 8. Let u(q) = -2*q**2 + q. What is u(n)?
-1
Let r be (-12)/36 + (-14)/(-6) - 3. Let c(i) = -i - 1. Give c(r).
0
Let q(s) = 4*s + 9. Let y(j) = -5*j - 11. Let l(d) = -6*q(d) - 5*y(d). Let z(v) = -v**2 + 6*v + 9. Let n(p) = -5*l(p) + z(p). What is n(0)?
4
Let s(q) = 2*q + 1. Let d(y) = y**3 - 6*y**2 + 2*y - 11. Let w be d(6). Suppose 2*z = 5*z - 33. Suppose -3*g - z = w. Calculate s(g).
-7
Let a(s) be the second derivative of 0*s**2 - 1/24*s**4 + 0 - 1/90*s**6 - 1/120*s**5 - 1/6*s**3 + 8*s. Let g(w) be the second derivative of a(w). What is g(-1)?
-4
Let j(p) = 21*p**3 + 1 + 3*p**2 - 4*p + 10*p**3 - 38*p**3 + 10*p**3. Calculate j(-3).
-41
Let f(n) = 5*n - 3. Let g(j) = 47*j - 31. Let o(y) = 23*y - 15. Let k(r) = -2*g(r) + 5*o(r). Let q(s) = -9*f(s) + 2*k(s). Determine q(-5).
16
Let c(h) = 6 - 29 + 5 - h + 8*h + 10. Calculate c(3).
13
Let y(w) be the second derivative of -1/6*w**4 - 3*w + 0 + 0*w**3 - 1/720*w**6 - 1/10*w**5 + 0*w**2. Let d(z) be the third derivative of y(z). Give d(-5).
-7
Suppose -11*u - 2*u + 429 = 0. Let v = 7 - 11. Let w be (v - u/(-9))*-18. Let n(j) = j - 2. Give n(w).
4
Let n(i) = 27*i + 6 + 19*i - 2*i**2 - i**3 - 40*i. Let k be n(-3). Let a(r) = r**3 + 5*r**2 + 2*r - 3. Give a(k).
9
Let c(i) be the second derivative of i**3/3 - i**2/2 - 6*i + 5. Calculate c(2).
3
Let a = -2367 + 2348. Let i(j) = -3*j**2 - 58*j - 27. Calculate i(a).
-8
Let f(z) be the first derivative of z**2 - 2*z - 94. Calculate f(-4).
-10
Let l(b) be the second derivative of -2*b**3/3 - b. Suppose -21*d = -16*d - 25. Suppose -d*u + 0*u + 5*t - 20 = 0, 5*u + 4*t = 25. Calculate l(u).
-4
Let t(w) = w**2 + 7*w + 9. Let b be (3 - (0 - -10))*7. Let k = 43 + b. Determine t(k).
3
Let y(l) be the second derivative of l**4/12 + 5*l**3/3 - 9*l**2/2 - 55*l. Calculate y(-10).
-9
Let q(m) = 7*m**2 + 15*m + 6. Let b(o) be the first derivative of -13*o**3/3 - 29*o**2/2 - 11*o - 25. Let u(j) = 6*b(j) + 11*q(j). What is u(-8)?
8
Let w(i) = -i**3 + 6*i**2 - 5*i + 2. Suppose 2*r - 10 = -y, 4*r - 12 = -y + 3*y. Let z = r + -12. Let m be (z - -9)*(5 + 0). Give w(m).
2
Let l(z) = -9*z + 3. Suppose 9*m - 1 = 26. Suppose d - 4 = -2